 o(r) = m(r) + 6*y(r). Let g = 0 + 5. Give o(g).
-1
Let w(q) be the first derivative of q**4/4 - 4*q**3/3 - q**2/2 - 5*q - 15. What is w(4)?
-9
Let f(v) = v**3 - 7*v**2 + 3*v + 4. Suppose 5*n - 12 = -4*z + 9*n, 0 = -3*z + 4*n + 5. Give f(z).
25
Suppose 3*s - 5*w + 12 = 51, 0 = -4*s + 5*w + 47. Let f(m) = -m**3 + 7*m**2 + 8*m + 10. Give f(s).
10
Let s(o) be the first derivative of o**2/2 + 2*o + 6. Let x(l) = l + 3. Let i be x(-5). Let v be 5/(-1 - 1*i). Calculate s(v).
7
Let u(b) = 0 - b**2 - 2*b + 12*b - 8 - 2. Determine u(9).
-1
Let j(o) be the third derivative of -o**6/360 - o**5/60 + 7*o**4/24 + 4*o**2. Let t(m) be the second derivative of j(m). Calculate t(2).
-6
Let a(t) = -7*t**2 - t - 1. Suppose -2*l - 3*l - 4*j + 46 = 0, 2*j = -5*l + 38. Let s = l - 7. Calculate a(s).
-7
Let d(q) be the first derivative of -5*q**4/4 + q**2 - q - 1. Let k(o) = 2*o**3 - o**3 + 2*o - 3*o**2 + 0*o**3 + 2*o**2 - 1. Let b be k(1). Determine d(b).
-4
Let y(l) = -3*l**3 + l. Suppose k + 7 = 4*w, w + 4*k = -2*w + 10. Suppose 0 = -5*t - w*h + 5, -5*t - 5*h - 8 = 2. Let p = 4 - t. Determine y(p).
-2
Suppose 5*g - 8 - 8 = p, p - 14 = -5*g. Let b(t) = t + 3. Determine b(g).
6
Let s(x) = x**3 - 4*x**2 + 4*x. Let m(r) = r + 16. Let b be m(-13). Determine s(b).
3
Let m(c) = 5*c**3 + c**2 - c. Let y be m(1). Let l(u) be the third derivative of 0 - u**2 - 1/3*u**4 + 7/6*u**3 + 1/60*u**5 + 0*u. What is l(y)?
-8
Suppose 3*h = -g, 6*h - h = 0. Let d(c) = -3 - 2*c + 7 - c**2 + g. What is d(3)?
-11
Let t = 1 - 3. Let w = t - -1. Let s(a) = -2 + 7*a**2 + 2 - a. What is s(w)?
8
Let g be ((-3)/2)/((-3)/(-6)). Let s(b) = 2*b**2 + 3 + 5*b + 0*b - 6 - 4*b. Give s(g).
12
Let k(l) be the second derivative of -l**3/6 + 4*l**2 + l. Let g(w) = 2*w + 10. Let u be g(-5). Give k(u).
8
Let k(h) be the first derivative of 2*h + 1/20*h**5 - 3/2*h**2 + 0*h**3 + 2 + 1/3*h**4. Let p(s) be the first derivative of k(s). Calculate p(-3).
6
Let k(f) be the third derivative of -f**5/60 + f**4/4 - f**3 + 3*f**2. Let s be k(6). Let x(p) = -p**2 - 6*p + 2. Determine x(s).
2
Suppose -4*s = -3*d - 2, 2*d - 2 + 1 = 5*s. Let f(r) = -r**3 + r**2 - r - 2. Let x(a) = -a**2 + 1. Let q(g) = f(g) + 2*x(g). Determine q(d).
6
Suppose -2*h + 3 - 21 = 0. Let p(k) = -k**3 - 8*k**2 + 9*k + 3. What is p(h)?
3
Let g(u) = u**3 - 3*u**2 + 4*u - 6. Let k(d) = d**3 - 2*d**2 + 3*d - 6. Let n(j) = -3*g(j) + 4*k(j). Give n(0).
-6
Let q(f) = -2*f - 5. Let b(s) = -s + 1. Let k(j) = 4*b(j) + q(j). Determine k(2).
-13
Let b(f) = -11*f**2 + 4*f + 2. Let o(s) = -9*s**2 + 3*s + 3. Let g(h) = -4*b(h) + 5*o(h). Give g(0).
7
Let f(a) = -5*a**2 + 14 - 14 + a**3 - 2*a + a. Give f(5).
-5
Let t(u) be the second derivative of -u**3/6 - 5*u**2/2 + u. Determine t(0).
-5
Let r(p) = -p**3 + 6*p**2 + 8*p - 1. Suppose y - 56 = -y. Suppose 4*b = 8*b - y. Give r(b).
6
Let b(w) = -w. Let o(l) = -4*l - 3. Let h(c) = -3*b(c) + o(c). Determine h(-4).
1
Let d be -2*1 - (-9 + 1). Let o = -4 - -9. Let t(x) = 2*x - 2*x + x - o. Determine t(d).
1
Suppose 5*y = -5*c + 20, 0 = c + 4*c + 3*y - 12. Let o(m) be the second derivative of -7/6*m**3 + 3*m**2 + c + 1/12*m**4 - 2*m. What is o(6)?
0
Let l be 2 - (1 + 2) - 4. Let o(q) be the first derivative of -8*q - 1 - 1/2*q**2. Calculate o(l).
-3
Suppose -p = -4*p - 12, -5*s - 2*p - 13 = 0. Let f = s + 5. Let z(v) = 0 - f - v + 2. What is z(-5)?
3
Let o(y) be the first derivative of -y**4/12 + y**3 + 3*y**2 - 6*y + 2. Let q(s) be the first derivative of o(s). Give q(7).
-1
Let z(k) = k**3 - k + 2. Let w = -3 - -3. Suppose w = -2*l + 3*l. Determine z(l).
2
Let b be 20/(-8) + (-2)/4. Let v(y) be the third derivative of y**5/120 + y**4/12 - y**3/3 - 2*y**2. Let p(d) be the first derivative of v(d). Calculate p(b).
-1
Let f(r) be the first derivative of r**4/4 + 5*r**3/3 - 7*r**2/2 + 4*r + 5. What is f(-6)?
10
Let t(w) = 1 - 2*w**2 - 3*w + 4*w + 3*w**2. Let d(g) = -g - 5. Let s(y) = -y - 5. Let z be s(-2). Let q be d(z). Determine t(q).
3
Let f(u) = 50*u**3 - 1 + 4*u**2 - 51*u**3 - 1 + u. Calculate f(3).
10
Let n(y) = -y**3 - 4*y**2 - 3*y - 1. Suppose 12 = 4*a - a. Let p be 3*(16/3 + -2). Suppose -3*c - 8 = 4*v, c = -5*v - a*c - p. Give n(v).
-3
Let g(d) = d + 2. Suppose -5*n - 2*s = 28, 3*s - 27 = -2*n + 6*n. Give g(n).
-4
Let k(c) = 3*c - 4. Let y(f) = -f + 1. Let u(t) = k(t) + 4*y(t). Determine u(-4).
4
Let q(x) be the second derivative of x**4/6 - 2*x**3/3 - x**2/2 + 3*x. Suppose i + 3 = -2*g, 5*i - 2*g - 24 = g. Determine q(i).
5
Let w(j) = -2*j + 5. Let o = -1 - -6. Determine w(o).
-5
Let x = 10 + -6. Let o(d) = -3*d + x*d**2 + d**3 + 2*d + 0*d**2 - 5*d**2. Give o(-2).
-10
Let y(g) be the first derivative of 0*g**4 - g**2 + 0*g**3 + 3 + 1/120*g**6 + 0*g + 1/20*g**5. Let s(r) be the second derivative of y(r). Give s(-3).
0
Let c(m) = m**2 + 2*m - 5. Suppose 2*q = 2*i - 0*q, 0 = 3*i - 2*q + 4. Let j be c(i). Let o(l) = -2*l - 2. Determine o(j).
-8
Let g(p) = p**3 + 7*p**2 - 5*p - 24. Let o be g(-7). Let j(c) = -c + 9. What is j(o)?
-2
Let x(g) = -2*g + 2. Let f(a) = a. Let y(v) = -3*f(v) - x(v). What is y(-5)?
3
Let p(a) be the first derivative of -3*a**2/2 + a + 5. Give p(-2).
7
Suppose 6 = -3*a + 2*d + d, 0 = -2*a - d - 10. Let h(l) be the second derivative of -l**4/6 - l**3 - l**2 + l. Give h(a).
-10
Let d(v) = -v**2 + v + 3. Suppose -9 = 2*y + y. Give d(y).
-9
Let p(u) be the first derivative of u**2/2 - 4*u - 4. Give p(0).
-4
Let p(g) = -11*g**3 + 5*g**2 - 7*g + 1. Let u(z) = -5*z**3 + 3*z**2 - 4*z + 1. Let o(b) = 4*p(b) - 9*u(b). Calculate o(5).
-15
Let n(w) = 2*w + 3. Let c(i) = 1. Let x(p) = 3*c(p) - n(p). Calculate x(3).
-6
Let z(l) = -l**2 - 6*l - 3. Let j(r) = -r**2 + 8*r - 2. Let v = 17 - 10. Let q be j(v). Suppose -3*p = 4*w + 6, -3*w = -4*p + q*p + 2. What is z(p)?
5
Let o(w) = 2*w + 3. Let f(x) = -x + 1. Let q(r) = 3*f(r) + o(r). Let y = -21 + 30. Let p = y + -4. Give q(p).
1
Let z(c) = 0*c**3 - 4*c**2 - 7*c + 3*c**2 - c**3 + 11*c. Let o = 7 - -7. Suppose 5*i = -2*g + o, -i = 5*g - 6*i + 35. Determine z(g).
6
Let q(z) be the first derivative of -2*z - 1 - 1/2*z**2. Determine q(-4).
2
Let n(p) = -p**3 - 6*p**2 - 2*p + 6. Let k be n(-5). Let v(g) = -g**3 - 8*g**2 + 10*g + 8. Give v(k).
-1
Let d(p) be the first derivative of -p**4/4 + 9*p + 1. Give d(0).
9
Let n(u) be the third derivative of u**2 + 0*u + 1/6*u**3 + 0 - 7/24*u**4. Give n(1).
-6
Let h(f) = -6*f**3 + 2*f**2 - 5*f - 4. Let c(i) = 5*i**3 - 3*i**2 + 6*i + 5. Let w(a) = 4*c(a) + 5*h(a). What is w(-1)?
9
Let g(y) = y - 3. Let x(o) = -o. Let n(f) = g(f) - 5*x(f). What is n(4)?
21
Let x(l) = l**2 - l. Let d be (-4)/6 - 22/(-6). Suppose 3 = -d*j - 3. Determine x(j).
6
Suppose 4*d - 43 = 21. Let u = -11 + d. Let n(y) = 2*y - y**3 + 4*y**2 + 2*y + 5 + 0*y. Calculate n(u).
0
Let l(j) = -j - 5. Let k(a) = -a - 5. Let h(g) = 6*k(g) - 5*l(g). Give h(-4).
-1
Let w(i) be the first derivative of i**3/3 + i**2 - 4*i + 3. Give w(-5).
11
Let m(q) be the first derivative of -q**2 + 2*q - 36. Determine m(3).
-4
Let k(t) be the third derivative of -t**5/60 + t**4/8 + 2*t**3/3 - 51*t**2. Let d be 4/14 - (-19)/7. Calculate k(d).
4
Let d(c) be the third derivative of 1/60*c**5 + 0*c - 7/24*c**4 - 7*c**2 + 1/6*c**3 + 0. Give d(5).
-9
Let o(t) be the third derivative of -t**6/120 - t**5/30 - t**4/24 - t**3/6 - 46*t**2 - 2*t. What is o(-2)?
1
Let s(o) = -5*o**2 - 10*o + 7. Let x(k) = -4*k**2 - 9*k + 7. Let y(p) = -3*s(p) + 4*x(p). Give y(-6).
7
Let c = 15 - 12. Let f(x) = 0 - x**3 - 1 + 0*x**3 - 2*x + 0 - c*x**2. Determine f(-3).
5
Let m(h) = h**2 - 3. Suppose 2*r - r = -40. Let n be r/12*(-6)/(-5). Let z = n - -7. What is m(z)?
6
Let t(r) = 2*r**2 - 1. Let n be t(1). Let o(l) be the first derivative of l**4/2 - 2*l**3/3 + l**2/2 - 26. Calculate o(n).
1
Let r(x) be the first derivative of x**2/2 - 2*x + 1. Let i(s) = -s**3 - 2*s**2 - 3*s - 3. Let b be i(-2). What is r(b)?
1
Let t = -133 - -128. Let q(j) = j - 7. What is q(t)?
-12
Let n be ((-2)/3)/(8/12). Let p = n + 4. Suppose p*c = -9 + 3. Let q(h) = 4*h. Give q(c).
-8
Let f(x) be the third derivative of x**4/8 + x**3/6 + 5*x**2. Give f(-2).
-5
Let w(l) = 5*l + 2. Let z(h) = -h**2 + 9*h - 10. Let o be z(8). Determine w(o).
-8
Let c be ((-18)/4)/9 - (-7)/(-2). Let m(f) = -f**3 - 3*f**2 + f - 3. Give m(c).
9
Let i